{"id":9260,"date":"2023-02-22T13:56:09","date_gmt":"2023-02-22T12:56:09","guid":{"rendered":"https:\/\/osknezak.splet.arnes.si\/?page_id=9260"},"modified":"2023-03-13T11:10:09","modified_gmt":"2023-03-13T10:10:09","slug":"turizmu-pomaga-lastna-glava","status":"publish","type":"page","link":"https:\/\/osknezak.splet.arnes.si\/?page_id=9260","title":{"rendered":"Turizmu pomaga lastna glava"},"content":{"rendered":"\n<p>\u0160olsko leto 2022\/23: Turisti\u010dna zveza Slovenije in Zavod RS za \u0161olstvo v sodelovanju z regijskimi turisti\u010dnimi zvezami razpisujeta 37. dr\u017eavni festival Turizmu pomaga lastna glava na temo \u0160PORTNA DO\u017dIVETJA BOGATIJO MLADINSKI TURIZEM.<\/p>\n\n\n\n<p>Vodji: Tanja Bla\u017eek in Alenka Bi\u0161\u010dak<\/p>\n\n\n\n<div data-wp-interactive=\"core\/file\" class=\"wp-block-file\"><object data-wp-bind--hidden=\"!state.hasPdfPreview\" hidden class=\"wp-block-file__embed\" data=\"https:\/\/osknezak.splet.arnes.si\/files\/2023\/03\/FOREST-FEST-MASUN-1.pdf\" type=\"application\/pdf\" style=\"width:100%;height:600px\" aria-label=\"Vdelava Vdelava FOREST-FEST-MASUN-1\"><\/object><a id=\"wp-block-file--media-56c3cea2-a7e9-42d8-8746-40ab430f2aba\" href=\"https:\/\/osknezak.splet.arnes.si\/files\/2023\/03\/FOREST-FEST-MASUN-1.pdf\">FOREST-FEST-MASUN-1<\/a><a href=\"https:\/\/osknezak.splet.arnes.si\/files\/2023\/03\/FOREST-FEST-MASUN-1.pdf\" class=\"wp-block-file__button\" download aria-describedby=\"wp-block-file--media-56c3cea2-a7e9-42d8-8746-40ab430f2aba\">Prenos<\/a><\/div>\n","protected":false},"excerpt":{"rendered":"<p>\u0160olsko leto 2022\/23: Turisti\u010dna zveza Slovenije in Zavod RS za \u0161olstvo v sodelovanju z regijskimi turisti\u010dnimi zvezami razpisujeta 37. dr\u017eavni festival Turizmu pomaga lastna glava na temo \u0160PORTNA DO\u017dIVETJA BOGATIJO MLADINSKI TURIZEM. Vodji: Tanja Bla\u017eek in Alenka Bi\u0161\u010dak<\/p>\n","protected":false},"author":9076,"featured_media":0,"parent":89,"menu_order":3,"comment_status":"closed","ping_status":"closed","template":"","meta":{"ngg_post_thumbnail":0,"footnotes":""},"class_list":["post-9260","page","type-page","status-publish","hentry"],"_links":{"self":[{"href":"https:\/\/osknezak.splet.arnes.si\/index.php?rest_route=\/wp\/v2\/pages\/9260","targetHints":{"allow":["GET"]}}],"collection":[{"href":"https:\/\/osknezak.splet.arnes.si\/index.php?rest_route=\/wp\/v2\/pages"}],"about":[{"href":"https:\/\/osknezak.splet.arnes.si\/index.php?rest_route=\/wp\/v2\/types\/page"}],"author":[{"embeddable":true,"href":"https:\/\/osknezak.splet.arnes.si\/index.php?rest_route=\/wp\/v2\/users\/9076"}],"replies":[{"embeddable":true,"href":"https:\/\/osknezak.splet.arnes.si\/index.php?rest_route=%2Fwp%2Fv2%2Fcomments&post=9260"}],"version-history":[{"count":4,"href":"https:\/\/osknezak.splet.arnes.si\/index.php?rest_route=\/wp\/v2\/pages\/9260\/revisions"}],"predecessor-version":[{"id":9298,"href":"https:\/\/osknezak.splet.arnes.si\/index.php?rest_route=\/wp\/v2\/pages\/9260\/revisions\/9298"}],"up":[{"embeddable":true,"href":"https:\/\/osknezak.splet.arnes.si\/index.php?rest_route=\/wp\/v2\/pages\/89"}],"wp:attachment":[{"href":"https:\/\/osknezak.splet.arnes.si\/index.php?rest_route=%2Fwp%2Fv2%2Fmedia&parent=9260"}],"curies":[{"name":"wp","href":"https:\/\/api.w.org\/{rel}","templated":true}]}}