{"id":5527,"date":"2020-05-26T11:05:30","date_gmt":"2020-05-26T09:05:30","guid":{"rendered":"http:\/\/osknezak.splet.arnes.si\/?page_id=5527"},"modified":"2025-09-02T09:56:50","modified_gmt":"2025-09-02T07:56:50","slug":"izbirni-predmeti-202021","status":"publish","type":"page","link":"https:\/\/osknezak.splet.arnes.si\/?page_id=5527","title":{"rendered":"IZBIRNI PREDMETI 2025\/26"},"content":{"rendered":"\n<figure class=\"wp-block-table\"><table class=\"has-fixed-layout\"><tbody><tr><td><strong>Obvezni izbirni predmet<\/strong><\/td><td><strong>U\u010ditelj\/ica<\/strong><\/td><\/tr><tr><td>\u0160port za sprostitev<\/td><td>Uro\u0161 Jenko<\/td><\/tr><tr><td>Okoljska vzgoja<\/td><td>Nina Kalc<\/td><\/tr><tr><td>Likovno snovanje 2,3<\/td><td>Alenka Bi\u0161\u010dak<\/td><\/tr><tr><td>Likovno snovanje 1<\/td><td>Jo\u017eef Knafelc<\/td><\/tr><tr><td>Kmetijska dela<\/td><td>Nina Kalc<\/td><\/tr><tr><td>\u0160ahovske osnove<\/td><td>Marijana Fidel<\/td><\/tr><tr><td>\u0160ahovske strategije<\/td><td>Marijana Fidel<\/td><\/tr><\/tbody><\/table><\/figure>\n\n\n\n<figure class=\"wp-block-table\"><table class=\"has-fixed-layout\"><tbody><tr><td><strong>Neobvezni izbirni predmeti<\/strong><\/td><td><strong>U\u010ditelj\/ica<\/strong><\/td><\/tr><tr><td>\u0160port<\/td><td>Uro\u0161 Jenko<\/td><\/tr><tr><td>Umetnost<\/td><td>Alenka Bi\u0161\u010dak<\/td><\/tr><tr><td>Ra\u010dunalni\u0161tvo<\/td><td>Alenka Bi\u0161\u010dak<\/td><\/tr><\/tbody><\/table><\/figure>\n\n\n\n<p><\/p>\n","protected":false},"excerpt":{"rendered":"<p>Obvezni izbirni predmet U\u010ditelj\/ica \u0160port za sprostitev Uro\u0161 Jenko Okoljska vzgoja Nina Kalc Likovno snovanje 2,3 Alenka Bi\u0161\u010dak Likovno snovanje 1 Jo\u017eef Knafelc Kmetijska dela Nina Kalc \u0160ahovske osnove Marijana Fidel \u0160ahovske strategije Marijana Fidel Neobvezni izbirni predmeti U\u010ditelj\/ica \u0160port Uro\u0161 Jenko Umetnost Alenka Bi\u0161\u010dak Ra\u010dunalni\u0161tvo Alenka Bi\u0161\u010dak<\/p>\n","protected":false},"author":11387,"featured_media":0,"parent":0,"menu_order":0,"comment_status":"closed","ping_status":"closed","template":"","meta":{"ngg_post_thumbnail":0,"footnotes":""},"class_list":["post-5527","page","type-page","status-publish","hentry"],"_links":{"self":[{"href":"https:\/\/osknezak.splet.arnes.si\/index.php?rest_route=\/wp\/v2\/pages\/5527","targetHints":{"allow":["GET"]}}],"collection":[{"href":"https:\/\/osknezak.splet.arnes.si\/index.php?rest_route=\/wp\/v2\/pages"}],"about":[{"href":"https:\/\/osknezak.splet.arnes.si\/index.php?rest_route=\/wp\/v2\/types\/page"}],"author":[{"embeddable":true,"href":"https:\/\/osknezak.splet.arnes.si\/index.php?rest_route=\/wp\/v2\/users\/11387"}],"replies":[{"embeddable":true,"href":"https:\/\/osknezak.splet.arnes.si\/index.php?rest_route=%2Fwp%2Fv2%2Fcomments&post=5527"}],"version-history":[{"count":11,"href":"https:\/\/osknezak.splet.arnes.si\/index.php?rest_route=\/wp\/v2\/pages\/5527\/revisions"}],"predecessor-version":[{"id":10577,"href":"https:\/\/osknezak.splet.arnes.si\/index.php?rest_route=\/wp\/v2\/pages\/5527\/revisions\/10577"}],"wp:attachment":[{"href":"https:\/\/osknezak.splet.arnes.si\/index.php?rest_route=%2Fwp%2Fv2%2Fmedia&parent=5527"}],"curies":[{"name":"wp","href":"https:\/\/api.w.org\/{rel}","templated":true}]}}