{"id":161,"date":"2015-08-28T23:44:19","date_gmt":"2015-08-28T21:44:19","guid":{"rendered":"http:\/\/osknezak.splet.arnes.si\/?page_id=161"},"modified":"2025-09-02T09:59:41","modified_gmt":"2025-09-02T07:59:41","slug":"opb-jv-vv","status":"publish","type":"page","link":"https:\/\/osknezak.splet.arnes.si\/?page_id=161","title":{"rendered":"OPB, JV, VV"},"content":{"rendered":"<p><em><strong>Varstvo<\/strong><\/em><\/p>\n<p>Varstvo voza\u010dev je za u\u010dence organizirano pred poukom in od zaklju\u010dka pouka do odhoda prvega \u0161olskega avtobusa.<\/p>\n<p>Od 6.30 do 7.55 je za u\u010dence 1. do 3. razreda organizirano jutranje varstvo v u\u010dilnici 2. razreda in telovadnici.<\/p>\n<p>Od 7.10 do 7.55 je zagotovljeno varstvo voza\u010dev za u\u010dence od 4. do 9. razreda. U\u010denci so name\u0161\u010deni po naslednjem razporedu<br>&#8211; telovadnica: u\u010denci 3., 4., 5. razred<br>&#8211; pred mati\u010dnimi u\u010dilnicami.<\/p>\n<p>U\u010denci, ki niso voza\u010di naj v \u0161olo prihajajo 15 minut pred za\u010detkom pouka.<\/p>\n<p>V JUTRANJE VARSTVO ZA U\u010cENCE OD 6. DO 9. RAZREDA UVAJAMO DVE AKTIVNOSTI: BRANJE in SAMOSTOJNO U\u010cENJE.<\/p>\n<p><strong><em>Podalj\u0161ano bivanje<\/em><\/strong><\/p>\n<p>V vse oblike varstva se u\u010denci vklju\u010dujejo prostovoljno s prijavo star\u0161ev v okviru pravil, ki jih dolo\u010da \u0161ola.<\/p>\n<p>Podalj\u0161ano bivanje je organizirano za u\u010dence od 1. do 5. razreda. Poteka od 11.35 do 15.45. V tem \u010dasu potekajo tudi interesne dejavnosti, ki jih vodijo u\u010ditelji in zunanji sodelavci.<\/p>\n<p><strong>Zaradi varnosti u\u010dencev in odgovornosti \u0161ole, lahko u\u010ditelj v podalj\u0161anem bivanju pred\u010dasno spusti u\u010denca iz \u0161ole samo s pisnim dovoljenjem star\u0161ev.<\/strong><\/p>\n\n\n<p><\/p>\n","protected":false},"excerpt":{"rendered":"<p>Varstvo Varstvo voza\u010dev je za u\u010dence organizirano pred poukom in od zaklju\u010dka pouka do odhoda prvega \u0161olskega avtobusa. Od 6.30 do 7.55 je za u\u010dence 1. do 3. razreda organizirano jutranje varstvo v u\u010dilnici 2. razreda in telovadnici. Od 7.10 do 7.55 je zagotovljeno varstvo voza\u010dev za u\u010dence od 4. do 9. razreda. U\u010denci so [&hellip;]<\/p>\n","protected":false},"author":3495,"featured_media":0,"parent":0,"menu_order":0,"comment_status":"closed","ping_status":"open","template":"","meta":{"ngg_post_thumbnail":0,"footnotes":""},"class_list":["post-161","page","type-page","status-publish","hentry"],"_links":{"self":[{"href":"https:\/\/osknezak.splet.arnes.si\/index.php?rest_route=\/wp\/v2\/pages\/161","targetHints":{"allow":["GET"]}}],"collection":[{"href":"https:\/\/osknezak.splet.arnes.si\/index.php?rest_route=\/wp\/v2\/pages"}],"about":[{"href":"https:\/\/osknezak.splet.arnes.si\/index.php?rest_route=\/wp\/v2\/types\/page"}],"author":[{"embeddable":true,"href":"https:\/\/osknezak.splet.arnes.si\/index.php?rest_route=\/wp\/v2\/users\/3495"}],"replies":[{"embeddable":true,"href":"https:\/\/osknezak.splet.arnes.si\/index.php?rest_route=%2Fwp%2Fv2%2Fcomments&post=161"}],"version-history":[{"count":14,"href":"https:\/\/osknezak.splet.arnes.si\/index.php?rest_route=\/wp\/v2\/pages\/161\/revisions"}],"predecessor-version":[{"id":10579,"href":"https:\/\/osknezak.splet.arnes.si\/index.php?rest_route=\/wp\/v2\/pages\/161\/revisions\/10579"}],"wp:attachment":[{"href":"https:\/\/osknezak.splet.arnes.si\/index.php?rest_route=%2Fwp%2Fv2%2Fmedia&parent=161"}],"curies":[{"name":"wp","href":"https:\/\/api.w.org\/{rel}","templated":true}]}}