{"id":158,"date":"2015-08-28T23:44:02","date_gmt":"2015-08-28T21:44:02","guid":{"rendered":"http:\/\/osknezak.splet.arnes.si\/?page_id=158"},"modified":"2025-09-02T08:33:23","modified_gmt":"2025-09-02T06:33:23","slug":"npz","status":"publish","type":"page","link":"https:\/\/osknezak.splet.arnes.si\/?page_id=158","title":{"rendered":"NPZ"},"content":{"rendered":"<p id=\"internal-source-marker_0.9442642111857291\" dir=\"ltr\">NACIONALNO PREVERJANJE ZNANJA<\/p>\n<p>Nacionalno preverjanje znanja (NPZ) opravljajo u\u010denci 3. razreda iz sloven\u0161\u010dine in matematike, u\u010denci 6. razreda iz matematike, sloven\u0161\u010dine in angle\u0161\u010dine in u\u010denci 9. razreda pa iz matematike, sloven\u0161\u010dine in tretjega predmeta, ki ga 1. 9. 2024 dolo\u010di minister.<\/p>\n<p>Nacionalno preverjanje znanja je postopek preverjanja znanja, kjer vsi u\u010denci 3., 6. in 9. razreda v dr\u017eavi na isti dan re\u0161ujejo enake preizkuse pod enakimi pogoji, preverjajo pa se standardi znanja, dolo\u010deni z u\u010dnim na\u010drtom.<\/p>\n<p>Temeljni cilj NPZ&nbsp; je pridobiti dodatne informacije o znanju u\u010dencev. Z nacionalnim preverjanjem znanja pa \u017eelimo prispevati tudi&nbsp;k bolj\u0161i kakovosti u\u010denja in pou\u010devanja.<\/p>\n<p>Od \u0161ol. leta 2024\/25 so NPZ za u\u010dence 3., 6. in 9. razreda obvezni.<br \/>\nOd \u0161olskega leta 2024\/25 naprej se dose\u017eki u\u010dencev v 9. razredu pri nacionalnem preverjanju znanja lahko uporabijo kot eno od meril za izbiro kandidatov v primeru omejitve vpisa v programe srednje\u0161olskega izobra\u017eevanja. Pri tem se bo upo\u0161teval dose\u017eek pri sloven\u0161\u010dini in matematiki v skupnem sorazmernem dele\u017eu 40 %.<\/p>\n<p><strong>Ob koncu prvega obdobja (v 3. razredu) &nbsp;se preverja znanje iz:<\/strong><\/p>\n<ul>\n<li>matematike,<\/li>\n<li>sloven\u0161\u010dine.<\/li>\n<\/ul>\n<p><strong>Ob koncu drugega obdobja (v 6. razredu) &nbsp;se preverja znanje iz:<\/strong><\/p>\n<ul>\n<li>matematike,<\/li>\n<li>sloven\u0161\u010dine<\/li>\n<li>tujega jezika.<\/li>\n<\/ul>\n<p><strong>Ob koncu tretjega obdobja (v 9. razredu) &nbsp;se preverja znanje iz:<\/strong><\/p>\n<ul>\n<li>sloven\u0161\u010dine,<\/li>\n<li>matematike<\/li>\n<li>tretjega predmeta, ki ga dolo\u010di minister v mesecu septembru izmed obveznih predmetov 8. in 9. razreda. <strong>V \u0161olskem letu 2025\/26 je za na\u0161o \u0161olo izbrana ZGODOVINA.<\/strong><\/li>\n<\/ul>\n<p dir=\"ltr\"><span style=\"color: #008000\"><strong>DATUMI PREVERJANJ V \u0160OLSKEM LETU 2025\/26:<\/strong><\/span><\/p>\n<ol start=\"3\">\n<li><u> razred<\/u><\/li>\n<\/ol>\n<table>\n<tbody>\n<tr>\n<td><strong>23. marec 2026<\/strong><\/td>\n<td><strong>31. marec 2026<\/strong><\/td>\n<td><strong>7. maj 2026<\/strong><\/td>\n<\/tr>\n<tr>\n<td>Sloven\u0161\u010dina<\/td>\n<td>Matematika<\/td>\n<td>Seznanitev z dose\u017eki<\/td>\n<\/tr>\n<\/tbody>\n<\/table>\n<p><strong>&nbsp;<\/strong><\/p>\n<ol start=\"6\">\n<li><u> razreda<\/u><\/li>\n<\/ol>\n<table>\n<tbody>\n<tr>\n<td><strong>23. marec 2026<\/strong><\/td>\n<td><strong>25. marec 2026<\/strong><\/td>\n<td><strong>31. marec 2026<\/strong><\/td>\n<td><strong>4. maj 2026<\/strong><\/td>\n<\/tr>\n<tr>\n<td>Sloven\u0161\u010dina<\/td>\n<td>Angle\u0161\u010dina<\/td>\n<td>Matematika<\/td>\n<td>Seznanitev z dose\u017eki<\/td>\n<\/tr>\n<\/tbody>\n<\/table>\n<p><u>&nbsp;<\/u><\/p>\n<ol start=\"9\">\n<li><u> razreda<\/u><\/li>\n<\/ol>\n<table>\n<tbody>\n<tr>\n<td><strong>23. marec 2026<\/strong><\/td>\n<td><strong>25. marec 2026<\/strong><\/td>\n<td><strong>31. marec 2026<\/strong><\/td>\n<td><strong>21. april 2026<\/strong><\/td>\n<\/tr>\n<tr>\n<td>Sloven\u0161\u010dina<\/td>\n<td>Zgodovina<\/td>\n<td>Matematika<\/td>\n<td>Seznanitev z dose\u017eki<\/td>\n<\/tr>\n<\/tbody>\n<\/table>\n<table style=\"width: 7px;height: 323px\">\n<tbody>\n<tr style=\"height: 550px\">\n<td style=\"width: 843px;height: 550px\">&nbsp;<\/td>\n<td style=\"width: 17px;height: 550px\">&nbsp;<\/td>\n<td style=\"width: 30px;height: 550px\">&nbsp;<\/td>\n<\/tr>\n<tr style=\"height: 10px\">\n<td style=\"width: 843px;height: 10px\">&nbsp;<\/td>\n<td style=\"width: 17px;height: 10px\">&nbsp;<\/td>\n<td style=\"width: 30px;height: 10px\">&nbsp;<\/td>\n<\/tr>\n<\/tbody>\n<\/table>\n<p>&nbsp;<\/p>\n","protected":false},"excerpt":{"rendered":"<p>NACIONALNO PREVERJANJE ZNANJA Nacionalno preverjanje znanja (NPZ) opravljajo u\u010denci 3. razreda iz sloven\u0161\u010dine in matematike, u\u010denci 6. razreda iz matematike, sloven\u0161\u010dine in angle\u0161\u010dine in u\u010denci 9. razreda pa iz matematike, sloven\u0161\u010dine in tretjega predmeta, ki ga 1. 9. 2024 dolo\u010di minister. Nacionalno preverjanje znanja je postopek preverjanja znanja, kjer vsi u\u010denci 3., 6. in 9. [&hellip;]<\/p>\n","protected":false},"author":3495,"featured_media":0,"parent":0,"menu_order":0,"comment_status":"closed","ping_status":"open","template":"","meta":{"ngg_post_thumbnail":0,"footnotes":""},"class_list":["post-158","page","type-page","status-publish","hentry"],"_links":{"self":[{"href":"https:\/\/osknezak.splet.arnes.si\/index.php?rest_route=\/wp\/v2\/pages\/158","targetHints":{"allow":["GET"]}}],"collection":[{"href":"https:\/\/osknezak.splet.arnes.si\/index.php?rest_route=\/wp\/v2\/pages"}],"about":[{"href":"https:\/\/osknezak.splet.arnes.si\/index.php?rest_route=\/wp\/v2\/types\/page"}],"author":[{"embeddable":true,"href":"https:\/\/osknezak.splet.arnes.si\/index.php?rest_route=\/wp\/v2\/users\/3495"}],"replies":[{"embeddable":true,"href":"https:\/\/osknezak.splet.arnes.si\/index.php?rest_route=%2Fwp%2Fv2%2Fcomments&post=158"}],"version-history":[{"count":14,"href":"https:\/\/osknezak.splet.arnes.si\/index.php?rest_route=\/wp\/v2\/pages\/158\/revisions"}],"predecessor-version":[{"id":10572,"href":"https:\/\/osknezak.splet.arnes.si\/index.php?rest_route=\/wp\/v2\/pages\/158\/revisions\/10572"}],"wp:attachment":[{"href":"https:\/\/osknezak.splet.arnes.si\/index.php?rest_route=%2Fwp%2Fv2%2Fmedia&parent=158"}],"curies":[{"name":"wp","href":"https:\/\/api.w.org\/{rel}","templated":true}]}}