{"id":155,"date":"2015-08-28T23:43:52","date_gmt":"2015-08-28T21:43:52","guid":{"rendered":"http:\/\/osknezak.splet.arnes.si\/?page_id=155"},"modified":"2025-09-02T08:31:46","modified_gmt":"2025-09-02T06:31:46","slug":"izbirni-predmeti","status":"publish","type":"page","link":"https:\/\/osknezak.splet.arnes.si\/?page_id=155","title":{"rendered":"Izbirni predmeti"},"content":{"rendered":"<p><span style=\"color: #000000\">Izbirni predmeti so del \u0161olskega predmetnika, ki ga u\u010denci lahko dopolnijo glede na interese, predznanja in izobra\u017eevalne cilje.<\/span><\/p>\n<p><a href=\"http:\/\/www.sola-rodica.si\/files\/2015\/04\/NEOBVEZNI-IZBIRNI-PREDMETI-za-spletno-stran.pdf\">Neobvezne izbirne predmete<\/a> <span style=\"color: #000000\">u\u010denec izbere ali pa se za njih ne odlo\u010di.<\/span><\/p>\n<p><a href=\"http:\/\/www.sola-rodica.si\/files\/2015\/04\/IZBIRNI-PREDMETI-OPISI-za-spletno-stran-15-16-3.pdf\">Obvezni izbirni predmeti<\/a> <span style=\"color: #000000\">so del predmetnika devetletne osnovne \u0161ole od uvedbe dalje. U\u010denci izberejo dve uri pouka izbirnih predmetov, lahko tudi tri, \u010de s tem sogla\u0161ajo star\u0161i. Zaradi obiskovanja javno veljavnega programa glasbene \u0161ole, je u\u010denec lahko opro\u0161\u010den obiskovanja izbirnih predmetov. Pogoj je predlo\u017eitev potrdila o vpisu v glasbeno \u0161olo v \u0161olskem letu 2025\/2026.<\/span><\/p>\n<table>\n<tbody>\n<tr>\n<td width=\"228\"><strong>Obvezni izbirni predmet<\/strong><\/td>\n<td width=\"190\"><strong>U\u010ditelj\/ica<\/strong><\/td>\n<\/tr>\n<tr>\n<td width=\"228\">\u0160port za sprostitev<\/td>\n<td width=\"190\">Uro\u0161 Jenko<\/td>\n<\/tr>\n<tr>\n<td width=\"228\">Okoljska vzgoja<\/td>\n<td width=\"190\">Nina Kalc<\/td>\n<\/tr>\n<tr>\n<td width=\"228\">Likovno snovanje 2,3<\/td>\n<td width=\"190\">Alenka Bi\u0161\u010dak<\/td>\n<\/tr>\n<tr>\n<td width=\"228\">Likovno snovanje 1<\/td>\n<td width=\"190\">Jo\u017eef Knafelc<\/td>\n<\/tr>\n<tr>\n<td width=\"228\">Kmetijska dela<\/td>\n<td width=\"190\">&nbsp;<\/td>\n<\/tr>\n<tr>\n<td width=\"228\">\u0160ahovske osnove<\/td>\n<td width=\"190\">Marijana Fidel<\/td>\n<\/tr>\n<tr>\n<td width=\"228\">\u0160ahovske strategije<\/td>\n<td width=\"190\">Marijana Fidel<\/td>\n<\/tr>\n<\/tbody>\n<\/table>\n<p><strong>&nbsp;<\/strong><\/p>\n<table>\n<tbody>\n<tr>\n<td width=\"200\"><strong>Neobvezni izbirni predmeti<\/strong><\/td>\n<td width=\"218\"><strong>U\u010ditelj\/ica<\/strong><\/td>\n<\/tr>\n<tr>\n<td width=\"200\">\u0160port<\/td>\n<td width=\"218\">Uro\u0161 Jenko<\/td>\n<\/tr>\n<tr>\n<td width=\"200\">Umetnost<\/td>\n<td width=\"218\">Alenka Bi\u0161\u010dak<\/td>\n<\/tr>\n<tr>\n<td width=\"200\">Ra\u010dunalni\u0161tvo<\/td>\n<td width=\"218\">Alenka Bi\u0161\u010dak<\/td>\n<\/tr>\n<\/tbody>\n<\/table>\n<table style=\"height: 169px\" width=\"593\">\n<tbody>\n<tr>\n<td style=\"width: 327px\">&nbsp;<\/td>\n<td style=\"width: 327px\">&nbsp;<\/td>\n<\/tr>\n<tr>\n<td style=\"width: 327px\">&nbsp;<\/td>\n<td style=\"width: 327px\">&nbsp;<\/td>\n<\/tr>\n<tr>\n<td style=\"width: 327px\">&nbsp;<\/td>\n<td style=\"width: 327px\">&nbsp;<\/td>\n<\/tr>\n<tr>\n<td style=\"width: 327px\">&nbsp;<\/td>\n<td style=\"width: 327px\">&nbsp;<\/td>\n<\/tr>\n<tr>\n<td style=\"width: 327px\">&nbsp;<\/td>\n<td style=\"width: 327px\">&nbsp;<\/td>\n<\/tr>\n<\/tbody>\n<\/table>\n<p>&nbsp;<\/p>\n","protected":false},"excerpt":{"rendered":"<p>Izbirni predmeti so del \u0161olskega predmetnika, ki ga u\u010denci lahko dopolnijo glede na interese, predznanja in izobra\u017eevalne cilje. Neobvezne izbirne predmete u\u010denec izbere ali pa se za njih ne odlo\u010di. Obvezni izbirni predmeti so del predmetnika devetletne osnovne \u0161ole od uvedbe dalje. U\u010denci izberejo dve uri pouka izbirnih predmetov, lahko tudi tri, \u010de s tem [&hellip;]<\/p>\n","protected":false},"author":3495,"featured_media":0,"parent":0,"menu_order":0,"comment_status":"closed","ping_status":"open","template":"","meta":{"ngg_post_thumbnail":0,"footnotes":""},"class_list":["post-155","page","type-page","status-publish","hentry"],"_links":{"self":[{"href":"https:\/\/osknezak.splet.arnes.si\/index.php?rest_route=\/wp\/v2\/pages\/155","targetHints":{"allow":["GET"]}}],"collection":[{"href":"https:\/\/osknezak.splet.arnes.si\/index.php?rest_route=\/wp\/v2\/pages"}],"about":[{"href":"https:\/\/osknezak.splet.arnes.si\/index.php?rest_route=\/wp\/v2\/types\/page"}],"author":[{"embeddable":true,"href":"https:\/\/osknezak.splet.arnes.si\/index.php?rest_route=\/wp\/v2\/users\/3495"}],"replies":[{"embeddable":true,"href":"https:\/\/osknezak.splet.arnes.si\/index.php?rest_route=%2Fwp%2Fv2%2Fcomments&post=155"}],"version-history":[{"count":14,"href":"https:\/\/osknezak.splet.arnes.si\/index.php?rest_route=\/wp\/v2\/pages\/155\/revisions"}],"predecessor-version":[{"id":10570,"href":"https:\/\/osknezak.splet.arnes.si\/index.php?rest_route=\/wp\/v2\/pages\/155\/revisions\/10570"}],"wp:attachment":[{"href":"https:\/\/osknezak.splet.arnes.si\/index.php?rest_route=%2Fwp%2Fv2%2Fmedia&parent=155"}],"curies":[{"name":"wp","href":"https:\/\/api.w.org\/{rel}","templated":true}]}}