{"id":152,"date":"2015-08-28T23:43:40","date_gmt":"2015-08-28T21:43:40","guid":{"rendered":"http:\/\/osknezak.splet.arnes.si\/?page_id=152"},"modified":"2019-09-12T18:23:14","modified_gmt":"2019-09-12T16:23:14","slug":"interesne-dejavnosti","status":"publish","type":"page","link":"https:\/\/osknezak.splet.arnes.si\/?page_id=152","title":{"rendered":"Interesne dejavnosti"},"content":{"rendered":"<p>Za razvijanje razli\u010dnih interesov u\u010dencev organiziramo interesne dejavnosti.<\/p>\n<p>Glede na \u0161tevilo oddelkov in v skladu z obveznim predmetnikom je v leto\u0161njem letu na razpolago 14 ur tedensko. V okviru pripadajo\u010dega fonda ur so \u0161tiri ure namenjene pevskim zborom, 1 ura za izvedbo kolesarskih izpitov v 5. razredu ter tri ure interesnih dejavnosti s podro\u010dja umetnosti ter tehnike in tehnologije v drugem in tretjem vzgojno-izobra\u017eevalnem obdobju.<\/p>\n<p>&nbsp;<\/p>\n<p><strong>PEVSKI ZBOR<\/strong><\/p>\n<p>Zborovsko petje je umetni\u0161ka dejavnost, ki posreduje posebne glasbene vrednote v \u0161olskem in zunaj \u0161olskem prostoru, pevcem pa razvija vi\u0161jo raven estetske ob\u010dutljivosti in odgovornosti do kulture okolja. Petje v pevskem zboru seznanja z lepoto slovenske ljudske in umetne zborovske pesmi ter pesmi drugih narodov in jo uvaja vanjo, uvaja v skupno re\u0161evanje problemov za doseganje skupnih ciljev, ohranja in razvija lastno kulturo ter razvija nacionalno zavest. Vpliva na psihi\u010dno po\u010dutje pevcev in poslu\u0161alcev.<\/p>\n<p>Splo\u0161ni cilji zborovskega petja so med drugim sodelovanje na \u0161olskih prireditvah in \u0161ir\u0161em prostoru, razvijanje osebnosti, intenzivno razvijanje in kultiviranje pevskega glasu in razvijanje interesa za bogato pre\u017eivljanje prostega \u010dasa in skupnega dru\u017eenja.<\/p>\n<p>&nbsp;<\/p>\n","protected":false},"excerpt":{"rendered":"<p>Za razvijanje razli\u010dnih interesov u\u010dencev organiziramo interesne dejavnosti. Glede na \u0161tevilo oddelkov in v skladu z obveznim predmetnikom je v leto\u0161njem letu na razpolago 14 ur tedensko. V okviru pripadajo\u010dega fonda ur so \u0161tiri ure namenjene pevskim zborom, 1 ura za izvedbo kolesarskih izpitov v 5. razredu ter tri ure interesnih dejavnosti s podro\u010dja umetnosti [&hellip;]<\/p>\n","protected":false},"author":3495,"featured_media":0,"parent":0,"menu_order":0,"comment_status":"closed","ping_status":"open","template":"","meta":{"ngg_post_thumbnail":0,"footnotes":""},"class_list":["post-152","page","type-page","status-publish","hentry"],"_links":{"self":[{"href":"https:\/\/osknezak.splet.arnes.si\/index.php?rest_route=\/wp\/v2\/pages\/152","targetHints":{"allow":["GET"]}}],"collection":[{"href":"https:\/\/osknezak.splet.arnes.si\/index.php?rest_route=\/wp\/v2\/pages"}],"about":[{"href":"https:\/\/osknezak.splet.arnes.si\/index.php?rest_route=\/wp\/v2\/types\/page"}],"author":[{"embeddable":true,"href":"https:\/\/osknezak.splet.arnes.si\/index.php?rest_route=\/wp\/v2\/users\/3495"}],"replies":[{"embeddable":true,"href":"https:\/\/osknezak.splet.arnes.si\/index.php?rest_route=%2Fwp%2Fv2%2Fcomments&post=152"}],"version-history":[{"count":4,"href":"https:\/\/osknezak.splet.arnes.si\/index.php?rest_route=\/wp\/v2\/pages\/152\/revisions"}],"predecessor-version":[{"id":4313,"href":"https:\/\/osknezak.splet.arnes.si\/index.php?rest_route=\/wp\/v2\/pages\/152\/revisions\/4313"}],"wp:attachment":[{"href":"https:\/\/osknezak.splet.arnes.si\/index.php?rest_route=%2Fwp%2Fv2%2Fmedia&parent=152"}],"curies":[{"name":"wp","href":"https:\/\/api.w.org\/{rel}","templated":true}]}}