{"id":125,"date":"2015-08-28T23:33:07","date_gmt":"2015-08-28T21:33:07","guid":{"rendered":"http:\/\/osknezak.splet.arnes.si\/?page_id=125"},"modified":"2025-09-02T09:55:05","modified_gmt":"2025-09-02T07:55:05","slug":"solski-koledar","status":"publish","type":"page","link":"https:\/\/osknezak.splet.arnes.si\/?page_id=125","title":{"rendered":"\u0160olski koledar"},"content":{"rendered":"\n<p><strong><u>Za\u010detek pouka \u2013&nbsp;ponedeljek, 1. 9. 2025<\/u><\/strong><\/p>\n\n\n\n<figure class=\"wp-block-table\"><table class=\"has-fixed-layout\"><tbody><tr><td><a><\/a>PO\u010cITNICE<\/td><td>&nbsp;<\/td><\/tr><tr><td><strong>JESENSKE<\/strong><\/td><td>27.10. \u2013 31.10.2025<\/td><\/tr><tr><td><strong>NOVOLETNE<\/strong><\/td><td>25. 12. 2025 &#8211;&nbsp; 2. 1. 2026<\/td><\/tr><tr><td><strong>ZIMSKE<\/strong><\/td><td>16.2. 2026 \u2013 20.2.2026<\/td><\/tr><tr><td><strong>PRVOMAJSKE<\/strong><\/td><td>27. 4. 2026 \u2013 1. 5. 2026<\/td><\/tr><tr><td><strong>POLETNE<\/strong><\/td><td>26. 6. 2026 \u2013 31. 8. 2026<\/td><\/tr><\/tbody><\/table><\/figure>\n\n\n\n<figure class=\"wp-block-table\"><table class=\"has-fixed-layout\"><tbody><tr><td>petek, 30.1.2026<\/td><td>Zaklju\u010dek 1. ocenjevalnega obdobja<\/td><\/tr><tr><td>ponedeljek, 15. 6. 2026<\/td><td>Zaklju\u010dek 2. ocenjevalnega obdobja za u\u010dence&nbsp; 9. razreda&nbsp; ter razdelitev spri\u010deval in obvestil<\/td><\/tr><tr><td>sreda, 24. 6. 2026<\/td><td>Zaklju\u010dek 2. ocenjevalnega obdobja za u\u010dence od 1. do 8. razreda, razdelitev spri\u010deval in obvestil<\/td><\/tr><\/tbody><\/table><\/figure>\n\n\n\n<p><strong><u>Prazniki in pouka prosti dnevi:<\/u><\/strong><\/p>\n\n\n\n<ul class=\"wp-block-list\">\n<li>petek, 31. 10. 2025, dan reformacije<\/li>\n\n\n\n<li>sobota, 1.11.2025, da spomina na mrtve<\/li>\n\n\n\n<li>\u010detrtek, 25. 12. 2025, bo\u017ei\u010d<\/li>\n\n\n\n<li>petek, 26. 12. 2025, dan samostojnosti in enotnosti<\/li>\n\n\n\n<li>\u010detrtek, 1.1. 2026 &#8211; novo leto<\/li>\n\n\n\n<li>petek, 2.1. 2026 \u2013 novo leto<\/li>\n\n\n\n<li>nedelja, 8.2. 2026 &#8211; Pre\u0161ernov dan, slovenski kulturni praznik<\/li>\n\n\n\n<li>nedelja, 5.4. 2026 \u2013 velika no\u010d<\/li>\n\n\n\n<li>ponedeljek, 6.4. 2026 \u2013 velikono\u010dni ponedeljek<\/li>\n\n\n\n<li>ponedeljek, 27.4. 2026 &#8211; dan upora proti okupatorju<\/li>\n\n\n\n<li>petek, 1.5. 2026 \u2013 praznik dela<\/li>\n\n\n\n<li>sobota, 2.5. 2026 \u2013 praznik dela<\/li>\n\n\n\n<li>\u010detrtek, 25.6. 2026 \u2013 dan dr\u017eavnosti<\/li>\n\n\n\n<li>sobota, 15.8. 2026 &#8211; Marijino vnebovzetje<\/li>\n<\/ul>\n\n\n\n<h1 class=\"wp-block-heading\">&nbsp;<\/h1>\n\n\n\n<h1 class=\"wp-block-heading\">\u00a0<strong><u>Ocenjevalna obdobja:<\/u><\/strong><\/h1>\n\n\n\n<ul class=\"wp-block-list\">\n<li>Prvo ocenjevalno obdobje od 1. 9. 2025 do 30. 1. 2026.<\/li>\n\n\n\n<li>Drugo ocenjevalno obdobje od 31. 1. 2026 do 24. 6. 2026, za u\u010dence 9. razreda pa do 15. 6. 2026.<\/li>\n<\/ul>\n\n\n\n<p><strong><u>Informativna dneva v srednjih \u0161olah:<\/u><\/strong><\/p>\n\n\n\n<ul class=\"wp-block-list\">\n<li>petek, 13. 2. 2026 in sobota, 14. 2. 2026<\/li>\n<\/ul>\n\n\n\n<p><strong><u>Roki za predmetne in popravne izpite<\/u><\/strong><\/p>\n\n\n\n<ul class=\"wp-block-list\">\n<li>od 16. 6. do 30.6. 2026 prvi rok za u\u010dence 9. razreda,<\/li>\n\n\n\n<li>od 26. 6. do 9. 7. 2026 prvi rok za u\u010dence od 1. do 8. razreda<\/li>\n\n\n\n<li>od 18. 8. do 31. 8. 2026 drugi rok za u\u010dence od 1. do 9. razreda<\/li>\n<\/ul>\n\n\n\n<p><strong><u>Roki za ocenjevanje znanja u\u010dencev, ki se izobra\u017eujejo na domu<\/u><\/strong><\/p>\n\n\n\n<ul class=\"wp-block-list\">\n<li>2. 2. 2026 do 15. 6. 2026 prvi rok za u\u010dence 9. razreda<\/li>\n\n\n\n<li>2. 2. 2026 do 24. 6. 2026 prvi rok za u\u010dence od 1. do 8. razred<\/li>\n\n\n\n<li>od 18. 8. do 31. 8. 2026 drugi rok za u\u010dence od 1. do 9. razreda<\/li>\n<\/ul>\n","protected":false},"excerpt":{"rendered":"<p>Za\u010detek pouka \u2013&nbsp;ponedeljek, 1. 9. 2025 PO\u010cITNICE &nbsp; JESENSKE 27.10. \u2013 31.10.2025 NOVOLETNE 25. 12. 2025 &#8211;&nbsp; 2. 1. 2026 ZIMSKE 16.2. 2026 \u2013 20.2.2026 PRVOMAJSKE 27. 4. 2026 \u2013 1. 5. 2026 POLETNE 26. 6. 2026 \u2013 31. 8. 2026 petek, 30.1.2026 Zaklju\u010dek 1. ocenjevalnega obdobja ponedeljek, 15. 6. 2026 Zaklju\u010dek 2. ocenjevalnega obdobja [&hellip;]<\/p>\n","protected":false},"author":3495,"featured_media":0,"parent":0,"menu_order":0,"comment_status":"closed","ping_status":"open","template":"","meta":{"ngg_post_thumbnail":0,"footnotes":""},"class_list":["post-125","page","type-page","status-publish","hentry"],"_links":{"self":[{"href":"https:\/\/osknezak.splet.arnes.si\/index.php?rest_route=\/wp\/v2\/pages\/125","targetHints":{"allow":["GET"]}}],"collection":[{"href":"https:\/\/osknezak.splet.arnes.si\/index.php?rest_route=\/wp\/v2\/pages"}],"about":[{"href":"https:\/\/osknezak.splet.arnes.si\/index.php?rest_route=\/wp\/v2\/types\/page"}],"author":[{"embeddable":true,"href":"https:\/\/osknezak.splet.arnes.si\/index.php?rest_route=\/wp\/v2\/users\/3495"}],"replies":[{"embeddable":true,"href":"https:\/\/osknezak.splet.arnes.si\/index.php?rest_route=%2Fwp%2Fv2%2Fcomments&post=125"}],"version-history":[{"count":15,"href":"https:\/\/osknezak.splet.arnes.si\/index.php?rest_route=\/wp\/v2\/pages\/125\/revisions"}],"predecessor-version":[{"id":10576,"href":"https:\/\/osknezak.splet.arnes.si\/index.php?rest_route=\/wp\/v2\/pages\/125\/revisions\/10576"}],"wp:attachment":[{"href":"https:\/\/osknezak.splet.arnes.si\/index.php?rest_route=%2Fwp%2Fv2%2Fmedia&parent=125"}],"curies":[{"name":"wp","href":"https:\/\/api.w.org\/{rel}","templated":true}]}}