{"id":113,"date":"2015-08-28T23:32:20","date_gmt":"2015-08-28T21:32:20","guid":{"rendered":"http:\/\/osknezak.splet.arnes.si\/?page_id=113"},"modified":"2025-09-02T08:36:23","modified_gmt":"2025-09-02T06:36:23","slug":"zaposleni","status":"publish","type":"page","link":"https:\/\/osknezak.splet.arnes.si\/?page_id=113","title":{"rendered":"Zaposleni"},"content":{"rendered":"\n<p><strong>Strokovni delavci<\/strong><\/p>\n\n\n\n<p><strong>Strokovni delavci<\/strong><\/p>\n\n\n\n<figure class=\"wp-block-table\"><table class=\"has-fixed-layout\"><thead><tr><td><strong>Ime in priimek<\/strong><\/td><td><strong>Predmet \/podro\u010dje<\/strong><\/td><td><strong>Razrednik<\/strong><\/td><\/tr><\/thead><tbody><tr><td>Tanja Bla\u017eek<\/td><td>Razredni pouk Dopolnilni \/dodatni pouk Likovna umetnost 6. razred ID \u2013 Ljudska glasba<\/td><td>1. razred<\/td><\/tr><tr><td>Morena Hostinger<\/td><td>Razredni pouk Dodatni\/dopolnilni pouk ID- Otro\u0161ki pevski zbor<\/td><td>2. razred &nbsp;<\/td><\/tr><tr><td>Vanja Delost<\/td><td>Razredni pouk Dopolnilni \/dodatni pouk Gospodinjstvo 6. razred<\/td><td>3.&nbsp; razred<\/td><\/tr><tr><td>Sara Sirnik<\/td><td>Razredni pouk Dodatni\/dopolnilni pouk Angle\u0161\u010dina 1. razred Angle\u0161\u010dina 2. razred Sloven\u0161\u010dina 5 \u2013 mala u\u010dna skupina<\/td><td>4. razred<\/td><\/tr><tr><td>Nata\u0161a Frank<\/td><td>Razredni pouk Dopolnilni\/dodatni pouk Individualna in skupinska pomo\u010d Kolesarski izpit ID \u2013 Ljudska glasba U\u010dna pomo\u010d<\/td><td>5. razred<\/td><\/tr><tr><td>Uro\u0161 Jenko<\/td><td>\u0160port 4. \u2013 9. razred IP \u2013 \u0161port za sprostitev NIP \u2013 \u0161port Podalj\u0161ano bivanje<\/td><td>6. razred<\/td><\/tr><tr><td>Olga Novak<\/td><td>Sloven\u0161\u010dina 6. \u2013 9. razred Dopolnilni\/dodatni pouk Podalj\u0161ano bivanje U\u010dna pomo\u010d<\/td><td>7. razred<\/td><\/tr><tr><td>Petra Valen\u010di\u010d<\/td><td>Matematika 7. \u2013 9. razred Fizika 8. in 9. razred Dopolnilni\/dodatni pouk Matematika 5 \u2013 mala u\u010dna skupina ID s podro\u010dja umetnosti in tehnike in tehnologije<\/td><td>8. razred<\/td><\/tr><tr><td>Martina B. Jenko<\/td><td>Knji\u017eni\u010darka Zgodovina Domovinska in dr\u017eavljanska kultura&nbsp; in etika ID s podro\u010dja umetnosti in tehnike in tehnologije Podalj\u0161ano bivanje ISP<\/td><td>9. razred<\/td><\/tr><tr><td>Alenka Bi\u0161\u010dak<\/td><td>Likovno snovanje 2, 3 NIP \u2013 ra\u010dunalni\u0161tvo NIP \u2013 umetnost ID s podro\u010dja umetnosti in tehnike in tehnologije<\/td><td>&nbsp;<\/td><\/tr><tr><td>Marijana Fidel<\/td><td>Matematika 6. razred Tehnika in tehnologija 6. \u2013 8. razred Dopolnilni in dodatni pouk IP \u2013 \u0160ahovske osnove IP \u2013 \u0160ahovske strategije<\/td><td>&nbsp;<\/td><\/tr><tr><td>Jo\u017eef Knafelc<\/td><td>Likovna umetnost 7. \u2013 9. razred IP \u2013 Likovno snovanje 1<\/td><td>&nbsp;<\/td><\/tr><tr><td>Katja Morel<\/td><td>Glasbena umetnost 6. \u2013 9. razred ID \u2013 Mladinski pevski zbor Podalj\u0161ano bivanje<\/td><td>&nbsp;<\/td><\/tr><tr><td>Maja Sedej<\/td><td>Pedagoginja \u2013 \u0161olska svetovalna slu\u017eba Dodatna strokovna pomo\u010d ISP Podalj\u0161ano bivanje<\/td><td>&nbsp;<\/td><\/tr><tr><td>Klavdija Sotlar<\/td><td>Ravnateljica Kemija 8. in 9. razred Organizator \u0161olske prehrane<\/td><td>&nbsp;<\/td><\/tr><tr><td>Nina Kalc<\/td><td>Naravoslovje 6. in 7. razred Biologija 8. in 9. razred IP \u2013 Okoljska vzgoja &nbsp;<\/td><td>&nbsp;<\/td><\/tr><tr><td>Mile Uljan<\/td><td>Ra\u010dunalnikar Geografija 6. \u2013 9. razred<\/td><td>&nbsp;<\/td><\/tr><tr><td>Mojca Zadnik<\/td><td>Angle\u0161\u010dina 3. \u2013 9. razred Dopolnilni in dodatni pouk U\u010dna pomo\u010d<\/td><td>&nbsp;<\/td><\/tr><tr><td>Jure Gustin\u010di\u010d<\/td><td>Ra\u010dunalnikar<\/td><td>&nbsp;<\/td><\/tr><tr><td>Katarina \u017dmak<\/td><td>Jutranje varstvo Podalj\u0161ano bivanje Projekt \u0160olski vrt<\/td><td>&nbsp;<\/td><\/tr><tr><td>Laura Rojc<\/td><td>Podalj\u0161ano bivanje U\u010dna pomo\u010d<\/td><td>&nbsp;<\/td><\/tr><\/tbody><\/table><\/figure>\n\n\n\n<h2 class=\"wp-block-heading\">Ostali delavci<\/h2>\n\n\n\n<figure class=\"wp-block-table\"><table class=\"has-fixed-layout\"><tbody><tr><td><strong>Ime in priimek<\/strong><\/td><td><strong>Delovno mesto<\/strong><\/td><\/tr><tr><td>Ana Tom\u0161i\u010d<\/td><td>Glavni ra\u010dunovodja, Tajnik VIZ VI<\/td><\/tr><tr><td>Peter Lukanovi\u0107<\/td><td>Hi\u0161nik<\/td><\/tr><tr><td>Ana Zadel<\/td><td>Kuharica<\/td><\/tr><tr><td>Romana Jagodnik<\/td><td>Kuharica<\/td><\/tr><tr><td>Munevera Behri\u0107<\/td><td>Perica, \u010distilka, kuharska pomo\u010dnica<\/td><\/tr><tr><td>Irena Dodi\u010d<\/td><td>\u010cistilka<\/td><\/tr><tr><td>Mersija Horozovi\u0107<\/td><td>\u010cistilka<\/td><\/tr><tr><td>Petra Rebec<\/td><td>Za\u010dasni spremljevalec otroka s posebnimi potrebami<\/td><\/tr><\/tbody><\/table><\/figure>\n","protected":false},"excerpt":{"rendered":"<p>Strokovni delavci Strokovni delavci Ime in priimek Predmet \/podro\u010dje Razrednik Tanja Bla\u017eek Razredni pouk Dopolnilni \/dodatni pouk Likovna umetnost 6. razred ID \u2013 Ljudska glasba 1. razred Morena Hostinger Razredni pouk Dodatni\/dopolnilni pouk ID- Otro\u0161ki pevski zbor 2. razred &nbsp; Vanja Delost Razredni pouk Dopolnilni \/dodatni pouk Gospodinjstvo 6. razred 3.&nbsp; razred Sara Sirnik Razredni [&hellip;]<\/p>\n","protected":false},"author":3495,"featured_media":0,"parent":0,"menu_order":0,"comment_status":"closed","ping_status":"open","template":"","meta":{"ngg_post_thumbnail":0,"footnotes":""},"class_list":["post-113","page","type-page","status-publish","hentry"],"_links":{"self":[{"href":"https:\/\/osknezak.splet.arnes.si\/index.php?rest_route=\/wp\/v2\/pages\/113","targetHints":{"allow":["GET"]}}],"collection":[{"href":"https:\/\/osknezak.splet.arnes.si\/index.php?rest_route=\/wp\/v2\/pages"}],"about":[{"href":"https:\/\/osknezak.splet.arnes.si\/index.php?rest_route=\/wp\/v2\/types\/page"}],"author":[{"embeddable":true,"href":"https:\/\/osknezak.splet.arnes.si\/index.php?rest_route=\/wp\/v2\/users\/3495"}],"replies":[{"embeddable":true,"href":"https:\/\/osknezak.splet.arnes.si\/index.php?rest_route=%2Fwp%2Fv2%2Fcomments&post=113"}],"version-history":[{"count":14,"href":"https:\/\/osknezak.splet.arnes.si\/index.php?rest_route=\/wp\/v2\/pages\/113\/revisions"}],"predecessor-version":[{"id":10574,"href":"https:\/\/osknezak.splet.arnes.si\/index.php?rest_route=\/wp\/v2\/pages\/113\/revisions\/10574"}],"wp:attachment":[{"href":"https:\/\/osknezak.splet.arnes.si\/index.php?rest_route=%2Fwp%2Fv2%2Fmedia&parent=113"}],"curies":[{"name":"wp","href":"https:\/\/api.w.org\/{rel}","templated":true}]}}