{"id":107,"date":"2015-08-28T23:32:02","date_gmt":"2015-08-28T21:32:02","guid":{"rendered":"http:\/\/osknezak.splet.arnes.si\/?page_id=107"},"modified":"2022-09-05T13:54:20","modified_gmt":"2022-09-05T11:54:20","slug":"kijz","status":"publish","type":"page","link":"https:\/\/osknezak.splet.arnes.si\/?page_id=107","title":{"rendered":"KIJZ"},"content":{"rendered":"<h2><strong>KIJZ &#8211; katalog informacij javnega zna\u010daja<\/strong><\/h2>\n<table style=\"height: 355px\" width=\"887\">\n<tbody>\n<tr>\n<td><strong>&nbsp;1. OSNOVNI PODATKI O KATALOGU<\/strong><\/td>\n<\/tr>\n<tr>\n<td>Naziv zavoda: Osnovna \u0161ola Toneta Tom\u0161i\u010da Kne\u017eak<\/td>\n<\/tr>\n<tr>\n<td>Naslov: Kne\u017eak 147 a, 6253 Kne\u017eak<\/td>\n<\/tr>\n<tr>\n<td>Telefon: 05 788 00 02<\/td>\n<\/tr>\n<tr>\n<td>e-naslov: o-ttknezak.po@guest.arnes.si<\/td>\n<\/tr>\n<tr>\n<td>Odgovorna oseba: mag. Klavdija Sotlar, ravnateljica<\/td>\n<\/tr>\n<tr>\n<td>Datum objave kataloga: 20. 9. 2019<\/td>\n<\/tr>\n<tr>\n<td>Datum zadnje spremembe: 5. 9. 2022<\/td>\n<\/tr>\n<tr>\n<td>Katalog je dostopen na spletni strani:<a href=\"https:\/\/www.os-knezak.si\/?page_id=107\">https:\/\/www.os-knezak.si\/?page_id=107<\/a><\/td>\n<\/tr>\n<tr>\n<td>Druge oblike kataloga: katalog je v fizi\u010dni obliki dostopen na sede\u017eu \u0161ole.<\/td>\n<\/tr>\n<\/tbody>\n<\/table>\n<table style=\"height: 2012px\" width=\"623\">\n<tbody>\n<tr>\n<td>&nbsp;<strong>2. SPLO\u0160NI PODATKI O ZAVODU IN INFORMACIJAH JAVNEGA ZNA\u010cAJA, S KATERIMI RAZPOLAGA<\/strong><\/td>\n<\/tr>\n<tr>\n<td>a<strong>) <a href=\"http:\/\/osknezak.splet.arnes.si\/files\/2015\/08\/ORGANIGRAM.docx\">ORGANIGRAM<\/a> organizacijskih enot<\/strong><\/td>\n<\/tr>\n<tr>\n<td><strong>Enota 1: Vrtec pri \u0161oli<\/strong><\/td>\n<\/tr>\n<tr>\n<td>Naziv: O\u0160 Toneta Tom\u0161i\u010da Kne\u017eak<\/td>\n<\/tr>\n<tr>\n<td>Naslov: Kne\u017eak 147 a, 6253 Kne\u017eak<\/td>\n<\/tr>\n<tr>\n<td>Telefon: 05 788 00 02<\/td>\n<\/tr>\n<tr>\n<td>Vodja notranje org. enote: Alenka Bi\u0161\u010dak, pedagoginja<\/td>\n<\/tr>\n<tr>\n<td><strong>b) Kontaktni podatki uradne osebe, pristojne za posredovanje IJZ<\/strong><\/td>\n<\/tr>\n<tr>\n<td>Ime in priimek: mag. Klavdija Sotlar<\/td>\n<\/tr>\n<tr>\n<td>Delovno mesto: ravnateljica<\/td>\n<\/tr>\n<tr>\n<td>E-naslov: klavdija.sotlar@guest.arnes.si<\/td>\n<\/tr>\n<tr>\n<td>Po\u0161tni naslov: Kne\u017eak 147 a, 6253 Kne\u017eak<\/td>\n<\/tr>\n<tr>\n<td>Telefon: 05 788 00 02<\/td>\n<\/tr>\n<tr>\n<td><strong>c) Seznam glavnih predpisov delovnega podro\u010dja&nbsp;<\/strong><\/td>\n<\/tr>\n<tr>\n<td>Seznam predpisov del. podro\u010dja vzgoje in izobra\u017eevana: POVEZAVA<a href=\"https:\/\/zakonodaja.sio.si\/predpisi-s-podrocja-vzgoje-in-izobrazevanja-pojasnila\/\">https:\/\/zakonodaja.sio.si\/predpisi-s-podrocja-vzgoje-in-izobrazevanja-pojasnila\/<\/a><\/td>\n<\/tr>\n<tr>\n<td>Seznam predpisov z delovnega podro\u010dja pred\u0161olska vzgoja: POVEZAVA<a href=\"https:\/\/www.gov.si\/podrocja\/izobrazevanje-znanost-in-sport\/predsolska-vzgoja\/\">https:\/\/www.gov.si\/podrocja\/izobrazevanje-znanost-in-sport\/predsolska-vzgoja\/<\/a><\/td>\n<\/tr>\n<tr>\n<td>Seznam predpisov z delovnega podro\u010dja osnovno\u0161olskega izobra\u017eevanja: POVEZAVA<a href=\"https:\/\/www.gov.si\/podrocja\/izobrazevanje-znanost-in-sport\/osnovna-sola\/\">https:\/\/www.gov.si\/podrocja\/izobrazevanje-znanost-in-sport\/osnovna-sola\/<\/a><\/td>\n<\/tr>\n<tr>\n<td>Odlok o ustanovitvi zavoda: POVEZAVA<\/td>\n<\/tr>\n<tr>\n<td>Splo\u0161ni akti zavoda:<\/p>\n<ul>\n<li>Akt o sistemizaciji delovnih mest<\/li>\n<li>Hi\u0161ni red<\/li>\n<li>Pravila \u0161olskega reda<\/li>\n<li>Vzgojni na\u010drt<\/li>\n<li>Pravilnik o prilagajanju \u0161olskih obveznosti<\/li>\n<\/ul>\n<\/td>\n<\/tr>\n<tr>\n<td><strong>\u010d) Seznam predlogov predpisov<\/strong><\/td>\n<\/tr>\n<tr>\n<td>Seznam predlogov predpisov s podro\u010dja VIZ: POVEZAVA<a href=\"https:\/\/www.gov.si\/drzavni-organi\/ministrstva\/ministrstvo-za-izobrazevanje-znanost-in-sport\/zakonodaja\/\">https:\/\/www.gov.si\/drzavni-organi\/ministrstva\/ministrstvo-za-izobrazevanje-znanost-in-sport\/zakonodaja\/<\/a><\/td>\n<\/tr>\n<tr>\n<td><strong>d) Seznam sprejetih in predlaganih programov, strategij, stali\u0161\u010d, mnenj &#8230;<\/strong><\/td>\n<\/tr>\n<tr>\n<td>Dokumenti po vsebinskih sklopih:<\/p>\n<ul>\n<li>Letni delovni na\u010drt \u0161ole<\/li>\n<li>Letni delovni na\u010drt vrtca<\/li>\n<li>Poro\u010dilo o realizaciji LDN<\/li>\n<li>Letno poro\u010dilo o delu zavoda<\/li>\n<\/ul>\n<\/td>\n<\/tr>\n<tr>\n<td>&nbsp;Objave in razpisna dokumentacija v skladu s predpisi, ki urejajo javno naro\u010danje po ZJN-3<\/td>\n<\/tr>\n<tr>\n<td>Obvestila v zvezi z javnim naro\u010danjem so objavljena na PORTALU JAVNIH NARO\u010cIL.<a href=\"https:\/\/www.gov.si\/\">https:\/\/www.gov.si\/<\/a><\/td>\n<\/tr>\n<tr>\n<td><strong>e) Katalog vrst upravnih, sodnih ali zakonodajnih postopkov oz. drugih uradnih ali javnih storitev, ki jih organ vodi oz. zagotavlja svojim uporabnikom.<\/strong><\/td>\n<\/tr>\n<tr>\n<td>Postopki, ki jih vodi zavod:<\/p>\n<ul>\n<li>zahtevi za dostop IJZ ali ponovno uporabo<\/li>\n<li>odlo\u010danje o financiranju \u0161ole v naravi<\/li>\n<li>odlo\u010danje o pravicah in dol\u017enostih u\u010dencev<\/li>\n<li>odlo\u010danje o statusu u\u010denca<\/li>\n<\/ul>\n<\/td>\n<\/tr>\n<tr>\n<td><strong>f) Seznam javnih evidenc, ki jih uporablja zavod<\/strong><\/td>\n<\/tr>\n<tr>\n<td>Zavod ne vodi javnih evidenc<\/td>\n<\/tr>\n<tr>\n<td>&nbsp;<strong>g) Seznam drugih informatiziranih zbirk podatkov, ki jih vodi zavod na podlagi podro\u010dne zakonodaje s svojega<\/strong> <strong>delovnega podro\u010dja.<\/strong><\/td>\n<\/tr>\n<tr>\n<td>&nbsp;Informacija o \u0161tevilu mest, ki jih zagotavlja za pred\u0161olsko vzgojo: POVEZAVA<\/td>\n<\/tr>\n<\/tbody>\n<\/table>\n<table>\n<tbody>\n<tr>\n<td>&nbsp;<strong>3. OPIS DOSTOPA DO INFORMACIJ JAVNEGA ZNA\u010cAJA<\/strong><\/td>\n<\/tr>\n<tr>\n<td>\u0160ola vodi dostop do IJZ:<\/p>\n<ul>\n<li>dostop preko spletne strani<\/li>\n<li>informacije so fizi\u010dno dostopne v dolo\u010denem \u010dasu na sede\u017eu zavoda.<\/li>\n<\/ul>\n<\/td>\n<\/tr>\n<\/tbody>\n<\/table>\n<table style=\"height: 47px\" width=\"528\">\n<tbody>\n<tr>\n<td>&nbsp;<strong>4. STRO\u0160KOVNIK<\/strong><\/td>\n<\/tr>\n<tr>\n<td>Zavod lahko za ve\u010dji obseg dokumentov zara\u010duna materialne stro\u0161ke po stro\u0161kovniku 16., 17. in 18. \u010dlena UREDBE O POSREDOVANJU IN PONOVNI UPORABI IJZ.<\/td>\n<\/tr>\n<\/tbody>\n<\/table>\n<table>\n<tbody>\n<tr>\n<td>&nbsp;5. MOREBITNI STRO\u0160KOVNIK ZA PONOVNO UPORABO, CENIK IN DRUGI POGOJI ZA PONOVNO UPORABO IJZ<\/td>\n<\/tr>\n<tr>\n<td>Zavod nima stro\u0161kovnika.<\/td>\n<\/tr>\n<\/tbody>\n<\/table>\n<table>\n<tbody>\n<tr>\n<td>&nbsp;6. SEZNAM NAJPOGOSTEJE ZAHTEVANIH INFORMACIJ JAVNEGA ZNA\u010cAJA, VKLJU\u010cNO Z ZBIRKAMI PODATKOV<\/td>\n<\/tr>\n<tr>\n<td>\n<ul>\n<li>URNIKI, \u0160OLSKI KOLEDAR, LDN<\/li>\n<\/ul>\n<\/td>\n<\/tr>\n<\/tbody>\n<\/table>\n<p>&nbsp;<\/p>\n","protected":false},"excerpt":{"rendered":"<p>KIJZ &#8211; katalog informacij javnega zna\u010daja &nbsp;1. OSNOVNI PODATKI O KATALOGU Naziv zavoda: Osnovna \u0161ola Toneta Tom\u0161i\u010da Kne\u017eak Naslov: Kne\u017eak 147 a, 6253 Kne\u017eak Telefon: 05 788 00 02 e-naslov: o-ttknezak.po@guest.arnes.si Odgovorna oseba: mag. Klavdija Sotlar, ravnateljica Datum objave kataloga: 20. 9. 2019 Datum zadnje spremembe: 5. 9. 2022 Katalog je dostopen na spletni strani:https:\/\/www.os-knezak.si\/?page_id=107 [&hellip;]<\/p>\n","protected":false},"author":3495,"featured_media":0,"parent":0,"menu_order":0,"comment_status":"closed","ping_status":"open","template":"","meta":{"ngg_post_thumbnail":0,"footnotes":""},"class_list":["post-107","page","type-page","status-publish","hentry"],"_links":{"self":[{"href":"https:\/\/osknezak.splet.arnes.si\/index.php?rest_route=\/wp\/v2\/pages\/107","targetHints":{"allow":["GET"]}}],"collection":[{"href":"https:\/\/osknezak.splet.arnes.si\/index.php?rest_route=\/wp\/v2\/pages"}],"about":[{"href":"https:\/\/osknezak.splet.arnes.si\/index.php?rest_route=\/wp\/v2\/types\/page"}],"author":[{"embeddable":true,"href":"https:\/\/osknezak.splet.arnes.si\/index.php?rest_route=\/wp\/v2\/users\/3495"}],"replies":[{"embeddable":true,"href":"https:\/\/osknezak.splet.arnes.si\/index.php?rest_route=%2Fwp%2Fv2%2Fcomments&post=107"}],"version-history":[{"count":8,"href":"https:\/\/osknezak.splet.arnes.si\/index.php?rest_route=\/wp\/v2\/pages\/107\/revisions"}],"predecessor-version":[{"id":8807,"href":"https:\/\/osknezak.splet.arnes.si\/index.php?rest_route=\/wp\/v2\/pages\/107\/revisions\/8807"}],"wp:attachment":[{"href":"https:\/\/osknezak.splet.arnes.si\/index.php?rest_route=%2Fwp%2Fv2%2Fmedia&parent=107"}],"curies":[{"name":"wp","href":"https:\/\/api.w.org\/{rel}","templated":true}]}}